3, 173
List the prime factors of 317425.
5, 12697
What are the prime factors of 88632?
2, 3, 1231
What are the prime factors of 18720772?
2, 7, 668599
What are the prime factors of 413308?
2, 7, 29, 509
List the prime factors of 191293.
233, 821
List the prime factors of 8103832.
2, 11, 17, 5417
What are the prime factors of 2762235?
3, 5, 7, 37, 79
List the prime factors of 851149.
13, 233, 281
List the prime factors of 3373619.
839, 4021
What are the prime factors of 316233?
3, 41, 857
List the prime factors of 35665508.
2, 19, 469283
List the prime factors of 12303716.
2, 17, 19, 89, 107
List the prime factors of 596086.
2, 298043
List the prime factors of 4173565.
5, 11, 75883
List the prime factors of 119228.
2, 41, 727
List the prime factors of 21095654.
2, 349, 30223
List the prime factors of 1346749.
229, 5881
List the prime factors of 8654315.
5, 1730863
List the prime factors of 415101.
3, 179, 773
List the prime factors of 12845178.
2, 3, 19, 23, 71
What are the prime factors of 44998386?
2, 3, 127, 59053
List the prime factors of 291696.
2, 3, 59, 103
What are the prime factors of 6109689?
3, 743, 2741
List the prime factors of 258553.
17, 67, 227
What are the prime factors of 1407515?
5, 17, 29, 571
List the prime factors of 1440121.
17, 84713
What are the prime factors of 298808?
2, 41, 911
What are the prime factors of 11419291?
13, 17, 163, 317
List the prime factors of 401441.
61, 6581
List the prime factors of 771673.
7, 23, 4793
List the prime factors of 1165811.
89, 13099
What are the prime factors of 1355287?
283, 4789
List the prime factors of 2142260.
2, 5, 43, 47, 53
What are the prime factors of 88041?
3, 29347
List the prime factors of 218198.
2, 79, 1381
What are the prime factors of 1688194?
2, 661, 1277
What are the prime factors of 1298293?
37, 35089
What are the prime factors of 1179211?
11, 107201
List the prime factors of 10966736.
2, 11, 62311
List the prime factors of 42026.
2, 21013
What are the prime factors of 8748652?
2, 11, 198833
What are the prime factors of 5621227?
443, 12689
List the prime factors of 614423.
29, 21187
List the prime factors of 246048.
2, 3, 11, 233
List the prime factors of 10129058.
2, 397, 12757
List the prime factors of 346635.
3, 5, 7703
List the prime factors of 80768.
2, 631
List the prime factors of 7489.
7489
List the prime factors of 872472.
2, 3, 36353
List the prime factors of 975620.
2, 5, 48781
List the prime factors of 432528.
2, 3, 9011
List the prime factors of 361541.
361541
List the prime factors of 381490.
2, 5, 38149
List the prime factors of 29719.
113, 263
What are the prime factors of 249650?
2, 5, 4993
What are the prime factors of 3639822?
2, 3, 653, 929
What are the prime factors of 938180?
2, 5, 61, 769
What are the prime factors of 1002524?
2, 17, 23, 641
List the prime factors of 252467.
17, 14851
List the prime factors of 86188.
2, 29, 743
List the prime factors of 15182.
2, 7591
What are the prime factors of 1312903?
61, 21523
What are the prime factors of 693973?
7, 99139
List the prime factors of 514905.
3, 5, 34327
What are the prime factors of 4292816?
2, 11, 24391
List the prime factors of 19564950.
2, 3, 5, 23, 53, 107
What are the prime factors of 633572?
2, 158393
What are the prime factors of 601740?
2, 3, 5, 3343
List the prime factors of 762257.
762257
List the prime factors of 6652998.
2, 3, 11, 33601
List the prime factors of 9965079.
3, 369077
List the prime factors of 1283151.
3, 427717
List the prime factors of 2154300.
2, 3, 5, 43, 167
What are the prime factors of 5601835?
5, 53, 21139
What are the prime factors of 93151?
93151
What are the prime factors of 1535775?
3, 5, 20477
List the prime factors of 297250.
2, 5, 29, 41
What are the prime factors of 361465?
5, 13, 67, 83
List the prime factors of 195602.
2, 11, 17, 523
What are the prime factors of 6860929?
6860929
What are the prime factors of 191875?
5, 307
List the prime factors of 63699.
3, 17, 1249
What are the prime factors of 1965919?
71, 27689
What are the prime factors of 2852984?
2, 89, 4007
What are the prime factors of 2193165?
3, 5, 13, 23, 163
What are the prime factors of 1391607?
3, 7, 37, 199
List the prime factors of 4147830.
2, 3, 5, 17, 2711
What are the prime factors of 2544700?
2, 5, 25447
What are the prime factors of 1381969?
1381969
List the prime factors of 277937.
11, 2297
What are the prime factors of 913740?
2, 3, 5, 97, 157
What are the prime factors of 767464?
2, 23, 43, 97
What are the prime factors of 21352922?
2, 19, 37, 15187
What are the prime factors of 1208276?
2, 47, 6427
What are the prime factors of 648038?
2, 223, 1453
What are the prime factors of 906290?
2, 5, 7, 11, 107
List the prime factors of 3252545.
5, 23, 28283
What are the prime factors of 465775?
5, 31, 601
List the prime factors of 74353.
74353
List the prime factors of 49438.
2, 19, 1301
List the prime factors of 466683.
3, 7, 71, 313
What are the prime factors of 11229532?
2, 19, 139, 1063
List the prime factors of 4160097.
3, 67, 6899
What are the prime factors of 272209?
7, 37, 1051
List the prime factors of 7829012.
2, 487, 4019
List the prime factors of 9886657.
11, 898787
List the prime factors of 1074002.
2, 537001
What are the prime factors of 134521?
17, 41, 193
What are the prime factors of 698635?
5, 7, 19961
What are the prime factors of 16049329?
97, 165457
List the prime factors of 335798.
2, 167899
List the prime factors of 6886884.
2, 3, 37, 15511
List the prime factors of 5572960.
2, 5, 61, 571
What are the prime factors of 1517303?
59, 25717
What are the prime factors of 273669?
3, 11, 8293
What are the prime factors of 190894?
2, 11, 8677
List the prime factors of 35994.
2, 3, 7, 857
List the prime factors of 10525641.
3, 7, 53, 193
List the prime factors of 462668.
2, 23, 47, 107
List the prime factors of 21272050.
2, 5, 425441
What are the prime factors of 4668865?
5, 239, 3907
What are the prime factors of 13496248?
2, 71, 23761
What are the prime factors of 17935747?
17935747
List the prime factors of 145431.
3, 11, 13, 113
What are the prime factors of 83831?
11, 7621
List the prime factors of 370629.
3, 7, 37, 53
List the prime factors of 2890208.
2, 181, 499
What are the prime factors of 6447774?
2, 3, 23, 46723
What are the prime factors of 566161?
566161
List the prime factors of 1255652.
2, 47, 6679
List the prime factors of 5922.
2, 3, 7, 47
List the prime factors of 219679.
219679
List the prime factors of 914632.
2, 114329
List the prime factors of 4288.
2, 67
List the prime factors of 7441776.
2, 3, 51679
What are the prime factors of 177890?
2, 5, 17789
What are the prime factors of 3834562?
2, 1917281
What are the prime factors of 105777?
3, 7, 23, 73
List the prime factors of 7228916.
2, 59, 30631
List the prime factors of 534237.
3, 11, 16189
What are the prime factors of 2425811?
47, 51613
What are the prime factors of 7119103?
7119103
List the prime factors of 3059354.
2, 17, 67, 79
List the prime factors of 424022.
2, 41, 5171
List the prime factors of 19215877.
31, 619867
What are the prime factors of 359175?
3, 5, 4789
List the prime factors of 720713.
7, 149, 691
What are the prime factors of 4179614?
2, 2089807
List the prime factors of 21505718.
2, 13, 827143
List the prime factors of 52739.
23, 2293
What are the prime factors of 4203648?
2, 3, 41, 89
List the prime factors of 719864.
2, 89983
List the prime factors of 399432.
2, 3, 11, 17, 89
What are the prime factors of 462478?
2, 53, 4363
List the prime factors of 468850.
2, 5, 9377
List the prime factors of 44247.
3, 7, 43
List the prime factors of 5842842.
2, 3, 19, 107, 479
What are the prime factors of 7329698?
2, 349, 10501
What are the prime factors of 13360524?
2, 3, 521, 2137
What are the prime factors of 3050933?
41, 74413
List the prime factors of 10560692.
2, 1123, 2351
What are the prime factors of 3745676?
2, 11, 71, 109
List the prime factors of 53862.
2, 3, 47, 191
List the prime factors of 673482.
2, 3, 112247
What are the prime factors of 9461404?
2, 2365351
What are the prime factors of 47991?
3, 17, 941
List the prime factors of 10540751.
13, 83, 9769
What are the prime factors of 194008?
2, 24251
List the prime factors of 15597939.
3, 7, 742759
What are 